0
Convert -211011113 (base 4) to base 7.
-1201562
Convert 3684d (base 14) to base 5.
13231344
What is -3644791 (base 11) in base 9?
-12841745
-452214111 (base 6) to base 3
-120111002100121
8ca19 (base 16) to base 13
172258
What is -4422024 (base 6) in base 2?
-110101111001100000
What is 1111110010000001111 (base 2) in base 9?
867334
13663117 (base 9) to base 8
31654764
3224860 (base 9) to base 16
1a6289
What is -24102133 (base 7) in base 11?
-1229275
Convert 2c350 (base 15) to base 5.
14030000
Convert -223244410 (base 5) to base 4.
-3302213002
-84371 (base 11) to base 10
-122893
What is 169098 (base 12) in base 5?
44421131
What is -1101001111001011001 (base 2) in base 10?
-433753
What is -30416 (base 7) in base 14?
-29b6
What is 1c14ad (base 15) in base 3?
2120200002101
Convert 221705 (base 8) to base 2.
10010001111000101
What is 1266b8 (base 15) in base 4?
3113123132
-938971 (base 13) to base 10
-3446509
Convert 101000011001001011 (base 2) to base 5.
20243301
-89666 (base 16) to base 7
-4532534
Convert 37324 (base 9) to base 11.
17904
-2983706 (base 11) to base 16
-4e0abb
-164779 (base 10) to base 5
-20233104
-336412 (base 7) to base 9
-101131
Convert -10107007 (base 8) to base 14.
-3d7739
What is -43385 (base 10) in base 6?
-532505
Convert -1011100110110010000 (base 2) to base 6.
-12052400
Convert -2cb506a (base 13) to base 12.
-4a0128a
Convert 20112010101 (base 3) to base 2.
11111010110001011
What is 43ea59 (base 16) in base 15?
5cdbc0
-361280 (base 9) to base 2
-110101000110000100
-121333320 (base 5) to base 9
-1064601
What is -1461546 (base 8) in base 15?
-840ac
-4566402 (base 7) to base 5
-121240133
What is -2064633 (base 7) in base 9?
-422756
-555544 (base 7) to base 11
-67720
-136c5b2 (base 13) to base 15
-81413d
Convert 605d (base 14) to base 10.
16547
-22102221000 (base 3) to base 15
-34373
What is -1043141 (base 6) in base 12?
-264b1
What is 479896 (base 15) in base 3?
20102222002220
What is -17745 (base 9) in base 15?
-3982
-11465332 (base 7) to base 8
-3721307
What is -964b1 (base 12) in base 3?
-101001012021
Convert -4615160 (base 7) to base 16.
-8c89d
What is -10101110001101001 (base 2) in base 14?
-2470d
1517c6 (base 15) to base 16
f8724
11110110010111001010 (base 2) to base 13
2943cc
-43501154 (base 6) to base 5
-313031003
What is -31030400 (base 5) in base 6?
-5222315
What is 1200012111 (base 3) in base 2?
1000000010111001
Convert -5401222 (base 6) to base 10.
-264686
What is -7173462 (base 9) in base 4?
-32212132232
-1941a04 (base 11) to base 13
-8abbb6
Convert -250904 (base 11) to base 7.
-3240454
What is -14370f (base 16) in base 5?
-314343230
4261615 (base 7) to base 10
519265
115254 (base 7) to base 11
14906
What is -18d71b (base 15) in base 9?
-2243538
Convert -5d692d (base 14) to base 2.
-1100001110111010001101
155022 (base 10) to base 5
14430042
What is 31605 (base 8) in base 6?
141021
Convert 211331113 (base 4) to base 2.
100101111101010111
Convert -31133302 (base 4) to base 5.
-3232112
What is -152347 (base 11) in base 13?
-84044
What is 21241215 (base 6) in base 9?
1155762
-40356 (base 12) to base 4
-110113302
Convert -4a261d (base 14) to base 13.
-6b013a
Convert 11643 (base 11) to base 3.
211222012
Convert -1673755 (base 10) to base 14.
-317d7d
-32332023032 (base 4) to base 8
-16761316
Convert -571229 (base 11) to base 8.
-3360042
What is -1b9e2c (base 15) in base 7?
-14321220
122244 (base 7) to base 2
101011110011001
What is -1441893 (base 10) in base 2?
-101100000000001100101
Convert 50000543 (base 6) to base 13.
3a0248
What is -6221705 (base 10) in base 2?
-10111101110111110001001
Convert -4260174 (base 8) to base 6.
-40224140
Convert -2001000212210 (base 3) to base 5.
-234130312
49a74 (base 13) to base 10
135802
2330332331 (base 4) to base 7
6402533
What is 18fde (base 16) in base 6?
2105530
What is -26c007 (base 13) in base 15?
-138933
1629b (base 15) to base 13
266ba
What is 28565518 (base 9) in base 11?
7a997a2
What is 100110101000001101 (base 2) in base 15?
31d31
What is 1700046 (base 8) in base 4?
1320000212
What is 40c5a5 (base 13) in base 8?
5612104
What is 110101000001110100101100 (base 2) in base 13?
2b59405
Convert 2587b90 (base 12) to base 2.
11100001101100111011100
22125142 (base 6) to base 5
132232234
What is -196744b (base 12) in base 2?
-10100011101001110111011
Convert -102231423 (base 5) to base 15.
-87728
What is 21470 (base 8) in base 5?
242031
What is -2323311332 (base 4) in base 13?
-20c291
-14471505 (base 8) to base 16
-327345
What is 633543 (base 7) in base 13?
3aa07
What is -10565344 (base 8) in base 10?
-2288356
What is 101341124 (base 5) in base 12?
182095
131113113 (base 4) to base 14
31b95
Convert -624432 (base 7) to base 10.
-107235
Convert 332010130 (base 5) to base 11.
8a2573
Convert 1300245 (base 7) to base 10.
168201
Convert 10000011101110000 (base 2) to base 12.
33040
What is 2664d8 (base 16) in base 12?
a14160
-1108065 (base 9) to base 3
-1010022002012
What is 3002013 (base 5) in base 6?
1002113
Convert -17691 (base 13) to base 2.
-1011000000010000
What is -60546436 (base 7) in base 6?
-255544134
What is 10330200222 (base 4) in base 9?
2385323
What is 3405525 (base 7) in base 4?
1213010022
What is 10133124 (base 5) in base 3?
11020121001
What is -122011102010 (base 3) in base 7?
-2604630
What is -2012012001220 (base 3) in base 16?
-11c6c1
-655922 (base 10) to base 15
-ce532
What is 112102314 (base 5) in base 13?
148208
Convert 359b2 (base 15) to base 10.
170942
Convert -15641216 (base 7) to base 6.
-52345252
-322113332 (base 4) to base 16
-3a5fe
b1031c (base 14) to base 5
3011030334
Convert -18318 (base 14) to base 5.
-3422403
What is 3252214 (base 6) in base 5?
20200024
What is -1075608 (base 9) in base 2?
-10001101111110000011
Convert 504021504 (base 6) to base 11.
4936077
12710 (base 16) to base 9
124548
-20431242 (base 5) to base 10
-170822
What is 241587 (base 11) in base 13?
105263
What is -20752761 (base 8) in base 15?
-5cc38b
Convert 1545034 (base 8) to base 12.
1955b8
What is 63902 (base 11) in base 7?
534635
Convert 72768 (base 9) to base 14.
136d8
2750377 (base 8) to base 13
211632
Convert 1242302 (base 7) to base 14.
42d02
What is 352746 (base 9) in base 10?
212019
-11582 (base 12) to base 11
-16546
What is -14044253 (base 9) in base 14?
-cc866b
What is -1b19999 (base 12) in base 7?
-66652305
What is 43523554 (base 6) in base 2?
100111101111000011110
Convert -32334335 (base 6) to base 3.
-1210211200212
Convert 2406113 (base 10) to base 11.
13a3826
What is 101122211011 (base 3) in base 5?
23203241
What is -6648200 (base 10) in base 13?
-14ba060
Convert 87425 (base 9) to base 7.
330626
What is -110100100011000010000 (base 2) in base 10?
-1721872
Convert -10011011101100011100 (base 2) to base 9.
-1171712
Convert -202020101120 (base 3) to base 9.
-666346
-4198b3 (base 15) to base 7
-35344401
299a90 (base 13) to base 6
33515503
102120300202 (base 4) to base 5
2213220002
-1233551 (base 6) to base 13
-24625
What is 26224 (base 10) in base 16?
6670
What is -111535 (base 6) in base 14?
-365d
Convert 2441131 (base 5) to base 12.
22a40
34728631 (base 9) to base 5
13312014412
1d40bc (base 16) to base 9
3541708
What is -3583c36 (base 13) in base 16?
-fce65c
120120310311 (base 4) to base 9
13023660
What is 11000506 (base 7) in base 3?
1202211102021
Convert 1328624 (base 10) to base 8.
5042760
What is -c1e25 (base 16) in base 3?
-1111100100221
What is -814101 (base 9) in base 6?
-14155131
Convert 100100212100 (base 3) to base 6.
3541230
What is -666a4 (base 11) in base 16?
-179a0
Convert 43205414 (base 6) to base 7.
13564366
What is 1320333211 (base 4) in base 3?
221011211011
-110001000010101 (base 2) to base 15
-768e
Convert -d2dc4 (base 16) to base 4.
-3102313010
-74a6a (base 13) to base 4
-303120331
What is -22cccc (base 14) in base 2?
-100100010000001100100
What is 2822416 (base 10) in base 4?
22301010100
Convert 3173664 (base 8) to base 9.
1534681
-21101 (base 5) to base 6
-10253
Convert -645236 (base 8) to base 11.
-138080
-148761 (base 10) to base 11
-a1848
Convert 21001111222 (base 3) to base 12.
6845b
What is -176050 (base 11) in base 16?
-424db
Convert 459314 (base 15) to base 16.
32af5e
-342675 (base 10) to base 7
-2625024
What is 122076 (base 9) in base 15?
16c83